l + b. What is the highest common divisor of l and v?
7
Let s be (145/(-3))/(91/(-819)). What is the highest common divisor of s and 9?
3
Let i be (-1)/19 - ((-8224)/304 + 20). What is the highest common factor of i and 5600?
7
Let p be (-8)/(-10)*30/12. Suppose -a + p = -44. Suppose 4*j + a = 6*j. What is the highest common divisor of j and 92?
23
Let a = 6736 - 6694. Calculate the highest common divisor of a and 5817.
21
Let s be 0 - 2 - 5 - -55*(-9 - -15). What is the highest common divisor of s and 1479?
17
Let s = -644 - -241. Let m be (38 + -36)*s/(-2). What is the greatest common divisor of 62 and m?
31
Suppose 2*f + 2 - 22 = -b, 28 = 2*f + 3*b. Suppose h - 5*h = 4, 4*h + 24 = 5*t. Calculate the highest common divisor of f and t.
4
Let i be 0 + 3 + 1 - -1. Suppose -87*c - h = -78*c - 140, 10 = 2*c - 4*h. What is the highest common factor of i and c?
5
Let a be -154*14/12*-3. Let f be -23 - (-1854)/72 - (-99)/12. What is the highest common factor of a and f?
11
Suppose -6*s + 1100 = -s. Suppose -4*o - t = -0*o - s, 3*o - t = 165. Let b = -152078 - -152083. Calculate the greatest common divisor of b and o.
5
Let t = 13969 - 10540. Calculate the greatest common factor of 54 and t.
27
Suppose -20 = -0*i - i - 4*a, 2*i + 4*a - 56 = 0. Let m be (-129 - i)*4/(-5). Calculate the highest common factor of m and 48.
12
Let q(m) = -4*m - 10. Let b = -9 + 2. Let a be q(b). Suppose -28200 + 29496 = 18*v. What is the greatest common factor of v and a?
18
Let s be ((-8)/10)/((-38)/(-8455)). Let t = 211 + s. What is the highest common divisor of t and 3?
3
Let n be (20/(-15))/(-7*8/(-1848)). Suppose 4*o - 316 = 3*o. Let j = o + n. What is the greatest common factor of j and 17?
17
Let y = 16883 - 14553. What is the highest common factor of 90 and y?
10
Let o = 33547 + -33275. What is the highest common factor of 782 and o?
34
Let u = 154 + -67. Let v = u - 79. Suppose 0 = 2*m + v*o - 3*o - 70, 16 = -4*o. Calculate the highest common divisor of m and 5.
5
Suppose 0 = -42*g - 62*g + 117624. What is the highest common factor of 39 and g?
39
Let f(s) = 0*s - 11 + 8*s**2 - 326*s**3 - 4*s + 0*s + 325*s**3. Let n be f(7). Calculate the greatest common factor of n and 90.
10
Suppose 5*o + 3*i + 1219 = 3538, -o + 459 = -i. What is the highest common factor of o and 110?
22
Suppose 2*r - r + z - 14 = 0, 5*r - z = 100. Suppose -5*d - 4*g + r = -6*g, d + 7 = 4*g. Suppose u - 13 = d. Calculate the highest common factor of 90 and u.
18
Let j = 9625 + -8181. Calculate the highest common divisor of j and 209.
19
Let w = -132 - -232. Let b = 215 - 206. Suppose 7*d - b - 271 = 0. Calculate the highest common factor of w and d.
20
Let r = -256 + 373. Suppose -r = 30*k - 33*k. Let b = -17 + k. Calculate the highest common factor of 11 and b.
11
Suppose 4*f + r + 0*r = 367, 2*f = -r + 185. Suppose 10344 = -196*q + 253*q + 3675. Calculate the highest common divisor of f and q.
13
Suppose -639*c = -647*c + 1152. Calculate the highest common factor of c and 4848.
48
Suppose 0 = -3*k + 2*g + 3583, -3*k + 3543 = 615*g - 612*g. Calculate the greatest common divisor of 899 and k.
29
Let d(t) = -7*t + 18. Suppose 5*l - 40 = 10*l. Let u be (l/6)/((-6)/(-45)). Let z be d(u). Calculate the greatest common factor of 22 and z.
22
Let a(p) = 2*p**2 - 10*p + 2. Let n be a(9). Let d(l) = -3 - 1 - l**3 - n*l**2 - 7*l + 70*l**2. Let t be d(-2). What is the greatest common factor of 18 and t?
2
Suppose -906 = 2*s - 3*s. What is the greatest common divisor of s and 6?
6
Suppose 880*b = 883*b - 4*c, -3*b = -c - 27. Suppose q = -0*q. Suppose q*n - 36 = -n. Calculate the highest common divisor of n and b.
12
Let o be ((-22)/(-3))/(13/(2925/10)). Let v = -13 - -23. Let q be 1448/22 + v/55. What is the greatest common divisor of q and o?
33
Suppose 156 - 16680 = -18*a. Let w(x) = 10*x**2 + 5*x + 1. Let p be w(2). What is the highest common factor of a and p?
51
Suppose 21*a - 305 = -z + 22*a, 0 = -3*z + 5*a + 931. Calculate the greatest common factor of 506 and z.
11
Let d = -91 + 96. Suppose d*m + 109 = 5*f - 7*f, -2*f - 99 = 3*m. Let r = 48 + f. What is the greatest common divisor of r and 18?
6
Suppose 3*r + 3*c = 3810, 3*r + 1590*c - 3809 = 1588*c. Calculate the highest common factor of r and 81.
27
Let a(g) = -5*g**3 + 4*g**2 + 5*g. Let c be a(-4). Let u be (-1160)/(-87)*6*65/20. Calculate the highest common divisor of u and c.
52
Let o be (-1 - (-8)/6)*(-72)/(-2). Let y(h) = h**3 - 11*h**2 - 5*h + 24. Let q be y(o). What is the greatest common factor of q and 4?
4
Suppose 4*t - 7*f - 1312 = -5*f, 5*t - 1640 = -4*f. Let x = t + -172. What is the highest common factor of 12 and x?
12
Suppose -5*c - 5*l = 15, -4*c - 2*l + 4*l = -18. Suppose -c*x + 32 = -8. Suppose 3*o - 170 - 70 = 0. What is the greatest common divisor of o and x?
20
Suppose 1020*b = 1049*b - 24476. What is the highest common divisor of 8 and b?
4
Suppose -2*u = -2*h - 28, 2 = -3*u + 4*u + 3*h. Suppose 526 = -u*r + 1846. What is the greatest common factor of 30 and r?
30
Let b = -831 - -953. Calculate the highest common divisor of 2074 and b.
122
Let b(q) = -28*q**3 - 4*q**2 - 8*q - 5. Let r be b(-1). What is the highest common factor of 20763 and r?
27
Let w be (-210)/(-50) + 1/(-5). Suppose 4*t + 5*d = -0*d + 32, 3*t = d + 5. Calculate the highest common factor of w and t.
1
Let g be 1 + (6/5)/(4/30). Suppose 0 = 3*a + 2*d - 112, -96 = 24*a - 26*a + 4*d. What is the highest common divisor of g and a?
10
Let p be ((-75447)/5229)/(2/(-238)). What is the greatest common factor of p and 51?
17
Suppose -103890 = -3*x + 4*n, -22*x + 658128 = -3*x + n. Calculate the highest common divisor of 138 and x.
138
Suppose -43 = -5*r - 113. Let y = 22 + r. Suppose 0 = -2*i + 121 + 7. What is the highest common factor of i and y?
8
Let p be (4 - 15/((-6)/(-2)))/(-1). Let m be (1 + -2 + 1)/p. Suppose 2*q = -2*f + f + 11, m = 3*q + 6. What is the highest common factor of f and 30?
15
Let p(c) = -6*c**3 + 2*c**2 + 66*c + 131. Let x be p(-2). What is the highest common divisor of 1903 and x?
11
Let c = 631 + -626. Let s be (-29 + -1)*((-28)/6 - -2). What is the highest common factor of s and c?
5
Let o be -2*(-27)/(-6)*5. Let v be (-1 - (-3 - -3))*o. Calculate the greatest common factor of v and 63.
9
Let n be (4 - 45/10)*198. Let z = n + 166. Let j = -64 + z. What is the highest common factor of 12 and j?
3
Suppose 3*i + 4*a + 115 = 8*i, -i + 23 = a. Let v = i + -8. Suppose 4*p - g - 304 = 0, -3*p - 2*g = -3*g - 229. Calculate the greatest common factor of p and v.
15
Suppose 0 = 3*d - 3*n - 435, -10 = 12*n - 14*n. Calculate the greatest common factor of 5175 and d.
75
Let q be (7 - 6) + (0 - -1004). Calculate the highest common factor of q and 30.
15
Let g = 16 - 10. Let b = -80 + 82. Suppose 0 = -b*r - g, -2*t - 5*r = -64 - 65. Calculate the highest common divisor of 8 and t.
8
Suppose -11*k + 288 + 768 = 0. Let r(p) = -p**2 + 12*p + 777. Let g be r(-21). What is the highest common factor of g and k?
12
Suppose -2*w - 930 = -5*w. What is the greatest common divisor of 90 and w?
10
Let r = 460 + -439. Let g(x) = 2*x**2 + x - 3. Let y be g(8). What is the greatest common divisor of y and r?
7
Let l(x) = x**3 + 13*x**2 - 6*x - 26. Let z be l(-13). Suppose 5*a + 3*n = 63, 6*a - 43 = 2*a + 5*n. Calculate the greatest common factor of a and z.
4
Suppose 177 = 2*y + 3*c, -137 = 1174*y - 1176*y + 5*c. Suppose 23 + 6 = 3*l + 5*w, -3*w = -4*l + 87. What is the highest common factor of y and l?
9
Let t = -1693 + 6937. Calculate the greatest common divisor of t and 69.
69
Suppose 0 = i + 2*u - 56, u = 2*i - 3*u - 80. Let q be (-11270)/(-350) - 1/5. Calculate the highest common divisor of q and i.
16
Suppose 9*h - 2712 = 2265. Let k be (-1 - -159)*((-7)/2 + 4). What is the highest common divisor of k and h?
79
Let j be 3/(-1) + (1 - -6). Let f be 265/25 + j/10. Suppose -2*i = -3*g - 95, 0 = -64*i + 67*i + 4*g - 185. Calculate the greatest common factor of i and f.
11
Suppose -3*o - 9 = 3*i, -7*i + 5*i + 3 = -o. Suppose i = -4*u + 68 + 76. What is the highest common factor of u and 45?
9
Suppose -4*u + 5*s = 175, 90 = -3*u - s - 27. Let l = u + 287. What is the highest common divisor of 57 and l?
19
Suppose 130*y = 124*y + 756. What is the highest commo